r when 3/(-6) + r/(-2) is divided by 77?
64
Suppose 21*m - 23 = 184 + 45. What is the remainder when 302 is divided by m?
2
Let v(j) = j**3 - 2*j. Let f be v(2). Let h be (-3)/(2*f/(-32) - -1). Let k = h - -10. What is the remainder when 23 is divided by k?
5
Let t = -51 + 54. Suppose -129*v + 117*v = -84. Calculate the remainder when v is divided by t.
1
Let h(w) = 68*w + 6. Let z be h(2). Let n = -124 + z. Calculate the remainder when n is divided by 6.
0
Let p(g) = 2*g**3 - 25*g**2 + 15*g + 10. Let o be p(13). Let s be -1 + -1 - 87/29. Calculate the remainder when (2/(-6))/(s - o/(-75)) is divided by 15.
10
Suppose 0*g + 5*g = -2*g + 1393. What is the remainder when 405 is divided by g?
7
Let p = 122 - 57. Let l = p + -60. Suppose 3*k - 2*k + 56 = l*c, -3*k + 72 = 5*c. Calculate the remainder when 56 is divided by c.
8
Let u = 6513 + -5671. Calculate the remainder when 5057 is divided by u.
5
Let i = 90 + -71. Let n(m) = 10*m + 134. Calculate the remainder when i is divided by n(-12).
5
What is the remainder when 436 is divided by 149 + (-2 - 1/1)?
144
Suppose -6*m - 36 = -8*m. Suppose -1069 = -97*p + 93*p + 5*k, -p = -4*k - 270. What is the remainder when p is divided by m?
14
Let c(y) = -136*y + 4132. Calculate the remainder when 1982 is divided by c(30).
6
Suppose 1522*u - 414 = -2*c + 1521*u, -4*c + 820 = 4*u. What is the remainder when 681 is divided by c?
54
Let h = 936 + -872. What is the remainder when 5756 is divided by h?
60
Let i = 41 - 27. Let l = -508 + 511. Suppose l*s = 82*q - 79*q + 234, 4*s + 5*q = 348. What is the remainder when s is divided by i?
12
Let f(b) = -7*b - 27. Suppose -8*q + 3 = -7*q. Let v be (q - 5)*1 + -5. What is the remainder when 43 is divided by f(v)?
21
Suppose 2*s - 12*l = -15*l + 39, -2*s + 45 = l. Calculate the remainder when (3 + (-64)/(-2))*3 is divided by s.
9
Suppose -96 - 64 = -10*d. Suppose 0*m = -8*m + d. Suppose 0 = f + 3*g - 43, 4*f - g = -m*g + 172. What is the remainder when 83 is divided by f?
40
Let k(j) = 2*j**3 - 12*j**2 + 19*j - 11. Calculate the remainder when k(8) is divided by 64.
13
Suppose -4114*x + 4106*x = -3816. Calculate the remainder when x is divided by 20.
17
Let k be ((-2534)/21)/(4/54). Let n = k + 2339. Suppose o - n = -5*y, -3*y + 2*o = 2*y - 725. What is the remainder when y is divided by 21?
17
Let d(i) = -3*i - 43. Let b(r) = -4*r + 23. Let j be b(9). Let w be d(j). Calculate the remainder when 55 is divided by 32 + -1 + (w - -2).
26
Let x = 10160 - 9591. What is the remainder when 2297 is divided by x?
21
Let q = 25 + -10. Calculate the remainder when (-152)/15 + 10 + 737/15 is divided by q.
4
Suppose 4*s - 111 = 5. Let q be (160/200 - (-1054)/(-5))/(-2). Suppose -2*c = 5*c - q. Calculate the remainder when s is divided by c.
14
Let t(a) = -2*a + a - 2*a + 14 + 12. What is the remainder when 162 is divided by t(7)?
2
What is the remainder when (126/(-15) - -3 - -5) + 12291/15 is divided by 33?
27
Let f(w) = w**2 + 3*w + 2. Let v(c) = 6*c**2 + c - 6. Let g(t) = -2*f(t) + v(t). What is the remainder when 53 is divided by g(3)?
9
Suppose p - 1142 = -8*l, l - 1381 = -4*p + 2939. What is the remainder when p is divided by 204?
58
Let u = -85 + 145. What is the remainder when 2338 is divided by u?
58
Suppose -7*z + 197 = -146. Suppose 0 = -47*s + z*s - 38. Calculate the remainder when 30 is divided by s.
11
Let b(f) = -5*f**3 + 82*f**2 - 23*f + 67. What is the remainder when b(16) is divided by 74?
63
Let q(d) = d + 19. Suppose -71 = -5*o + 4*u - 7*u, -2*o + 5*u = -16. Calculate the remainder when 57 is divided by q(o).
25
Let f = -8 + 11. Let c(v) = -v**3 - 3*v**2 - 16*v - 46. Let z be c(-3). What is the remainder when (-1950)/(-468) + z/(24/10) is divided by f?
2
What is the remainder when 39 is divided by (13 + 1)*(-7)/(-7)?
11
What is the remainder when 545 is divided by (19 - (-6630)/(-350)) + 20576/70?
251
Let n = 2552 + 4095. What is the remainder when n is divided by 190?
187
Calculate the remainder when 2888 is divided by (11 - (3 + 2)) + 280/10.
32
Let l = -151 + 157. What is the remainder when 2/2 + (-1 + 19 - l) is divided by 7?
6
Suppose 51 - 53 = -t. Let k be t + (10 - (10 + -5)). Calculate the remainder when 17 is divided by ((-32)/(-8) - 1)/(3/k).
3
Let h(g) = 2*g - 12. Let f be h(7). Suppose 2*w - 3 = -f*s - 5, 0 = 3*s + 12. Suppose 62 + 61 = w*q. Calculate the remainder when q is divided by 11.
8
Suppose -12*g - 138 = -450. Let n = 565 - 386. What is the remainder when n is divided by g?
23
Suppose 4*m - 237 = -5*b - 92, -4*b + 116 = -2*m. Calculate the remainder when 1477 is divided by b.
27
Suppose 0 = -3*n + 3, 0 = -i + 2*n + n + 223. Calculate the remainder when i is divided by (3/(-2))/(-2 + 675/342).
55
Let n(x) = -x**3 - 3*x - 2. Let t be n(-6). Suppose a = -a + t. Suppose 0 = -345*f + 338*f + 210. Calculate the remainder when a is divided by f.
26
Let o(x) = x**3 + 2*x**2 - 3*x + 3. Let u(j) = 10*j**2 - 103*j - 307. Let c be u(-3). Calculate the remainder when (8 - (-11 + c))*-1 is divided by o(3).
34
Let w(m) = m**3 + 13*m**2 + 27*m - 26. Calculate the remainder when 2134 is divided by w(-10).
2
Let x be (2/(-3))/(4/(-72)) + 1. Suppose j - 182 = -x*j. Let b(t) = -t + 7. What is the remainder when j is divided by b(3)?
1
Let i = -10191 - -14426. Calculate the remainder when i is divided by 27.
23
Let h = -155 - -298. Let f(y) = -3*y**2 - 34*y + 4. Let u be f(-11). Suppose 5*a - u = 0, -4*s + s = a - 147. Calculate the remainder when h is divided by s.
47
Let w(x) be the third derivative of x**5/60 - 7*x**4/12 - 7*x**3 + 7*x**2 + x. What is the remainder when w(19) is divided by 1/3 - (-83)/3?
25
Let h = -10016 + 10054. What is the remainder when 55 is divided by h?
17
Suppose o - m + 2*m = 0, 3*o + 4*m = -3. Suppose 4 + 5 = o*i - v, 4*i + 2*v = 2. Calculate the remainder when (-2 + 0)/(i + (-44)/20) is divided by 4.
2
Let s = 285 - 207. Suppose 0 = -4*u + 12, s = r + 4*r + u. Let y = 62 + -4. What is the remainder when y is divided by r?
13
Let t be ((-2)/(-10))/((28/60)/7). What is the remainder when 32 is divided by 3 + 3 + 3 + -1 + t?
10
Let j = -20 - -55. Suppose 4*d + j = x, -6*d + 2*d - 3*x - 39 = 0. What is the remainder when 49 is divided by (3/d)/(7/(-525))?
24
Suppose 14*s - 926 + 137 = 835. Suppose 4*t - 100 = 4*d, d - 4*d - 17 = -t. What is the remainder when s is divided by t?
0
Let l(d) = 2*d**2 + 3*d + 13. Calculate the remainder when l(-3) is divided by 17 + (-2 - (0 + 2)).
9
Let f be 489/(-2) + (-9)/(-6). Let q = f + 250. What is the remainder when 25 is divided by q?
4
Suppose 35 = 3*x + 5*s - 152, 0 = -5*x + s + 321. Suppose 2*l = 5*n - x - 18, 5*l = 4*n - 52. Calculate the remainder when n is divided by 11.
7
Suppose 10*q = 9*q. Let k be 5 - (5 + q - 2). Calculate the remainder when 35 is divided by 10*(16/5 - k).
11
Let q = 19181 - 19164. What is the remainder when 10504 is divided by q?
15
Calculate the remainder when 59008/(-192)*(-21)/2 is divided by 10.
7
Let d(u) = u**2 + u - 18. Let t be d(-5). Suppose -2 = -4*c + t*j, j + 1 = c + 3*c. Suppose -l = -c - 34. What is the remainder when l is divided by 19?
15
Suppose 0 = 3*h - 3*y - 162, h = y + y + 50. Let x = 87 - h. Suppose -1 = 2*k - x. What is the remainder when 82 is divided by k?
12
Suppose -483*c - 3244 = -24307 - 6468. What is the remainder when -8*2/(-4) + 142 is divided by c?
32
Let n = -783 + 808. Let t be 6/(-3) + -318 - -2. Let o = t - -491. What is the remainder when o is divided by n?
23
Suppose -13*f + 27*f - 26 = 142. What is the remainder when 7354 is divided by f?
10
Suppose -j - 8 = -5*f - 1, 64 = 4*j + 3*f. Suppose -4*r = -z + 196, r = -3*z - 4*r + 571. What is the remainder when z is divided by j?
10
What is the remainder when 16/32*(3865 - 35 - (1 + 1)) is divided by 375?
39
Suppose 441 = -75*m + 18441. What is the remainder when 7918 is divided by m?
238
Let b(f) = f**2 + 16*f - 3. Let p be b(-15). Let a(t) = t**3 + 17*t**2 - 20*t - 15. Let c = 22 + -10. Calculate the remainder when a(p) is divided by c.
9
Let s(v) = -7*v + 544. Calculate the remainder when s(45) is divided by 39.
34
Let n = -11380 - -11595. Calculate the remainder when 647 is divided by n.
2
Let f = -31 + 33. Let u(o) = o + 11*o**f - 8*o + 3*o. What is the remainder when 104